{"id":753,"date":"2025-10-13T23:08:14","date_gmt":"2025-10-13T21:08:14","guid":{"rendered":"https:\/\/asyakm.org\/?page_id=753"},"modified":"2025-10-18T20:02:14","modified_gmt":"2025-10-18T18:02:14","slug":"bildiri-masa-calismasi","status":"publish","type":"page","link":"https:\/\/asyakm.org\/index.php\/bildiri-masa-calismasi\/","title":{"rendered":"Bildiri-Masa \u00c7al\u0131\u015fmas\u0131"},"content":{"rendered":"\n<p class=\"has-medium-font-size\"><strong>\u00c7a\u011f\u0131m\u0131z\u0131n Sorunlar\u0131na \u00c7\u00f6z\u00fcmler-2024<\/strong><\/p>\n\n\n\n<p><\/p>\n\n\n\n<p>&#8211;<a href=\"https:\/\/asyakm.org\/?p=764\"><strong>Ahlak\u0131n  F\u0131trat \u00dczerine Etkisi-Serpil \u00d6\u011e\u00dcT<\/strong><\/a><\/p>\n\n\n\n<p><a href=\"https:\/\/asyakm.org\/?p=771\">&#8211;<strong>Ahlak Yasas\u0131-Mehtap Y\u0131ld\u0131r\u0131m Y\u00fckselten<\/strong><\/a><\/p>\n\n\n\n<p><a href=\"https:\/\/asyakm.org\/index.php\/2024\/11\/30\/ahlak-masasi-deklarasyonu\/\">&#8211;<strong>Ahlak Masas\u0131 Deklarasyonu<\/strong><\/a><\/p>\n\n\n\n<p>&#8211;<a href=\"https:\/\/asyakm.org\/index.php\/2025\/10\/18\/bediuzzaman-said-nursiden-cagimiz-sorunlarina-cozumler\/\"><strong>Bedi\u00fczzaman Said Nursi\u2019den \u00c7a\u011f\u0131m\u0131z Sorunlar\u0131na \u00c7\u00f6z\u00fcmler<\/strong><\/a><\/p>\n\n\n\n<p><\/p>\n\n\n\n<p><a href=\"https:\/\/asyakm.org\/index.php\/2024\/11\/30\/aile-egitiminde-helal-rizikla-beslenmenin-rolu\/\"><strong>-Aile E\u011fitiminde Hel\u00e2l&nbsp;R\u0131z\u0131kla Beslenmenin Rol\u00fc:\u0130brahim ERSOYLU&nbsp;<\/strong><\/a><strong>&nbsp;&nbsp;&nbsp;&nbsp;&nbsp;&nbsp;&nbsp;&nbsp;&nbsp;&nbsp;&nbsp;&nbsp;&nbsp;&nbsp;&nbsp;&nbsp;&nbsp;&nbsp;&nbsp;&nbsp;&nbsp;&nbsp;&nbsp;&nbsp;&nbsp;&nbsp;&nbsp;&nbsp;&nbsp;&nbsp;&nbsp;&nbsp;&nbsp;&nbsp;&nbsp;&nbsp;&nbsp;&nbsp;&nbsp;&nbsp;&nbsp;&nbsp;&nbsp;&nbsp;&nbsp;&nbsp;&nbsp;&nbsp;&nbsp;&nbsp;&nbsp;&nbsp;&nbsp;&nbsp;&nbsp;&nbsp;&nbsp;&nbsp;&nbsp;&nbsp;&nbsp;&nbsp;&nbsp;&nbsp;&nbsp;&nbsp;&nbsp;&nbsp;&nbsp;&nbsp;<\/strong><\/p>\n\n\n\n<p><\/p>\n","protected":false},"excerpt":{"rendered":"<p>\u00c7a\u011f\u0131m\u0131z\u0131n Sorunlar\u0131na \u00c7\u00f6z\u00fcmler-2024 &#8211;Ahlak\u0131n F\u0131trat \u00dczerine Etkisi-Serpil \u00d6\u011e\u00dcT &#8211;Ahlak Yasas\u0131-Mehtap Y\u0131ld\u0131r\u0131m Y\u00fckselten &#8211;Ahlak Masas\u0131 Deklarasyonu &#8211;Bedi\u00fczzaman Said Nursi\u2019den \u00c7a\u011f\u0131m\u0131z Sorunlar\u0131na \u00c7\u00f6z\u00fcmler -Aile E\u011fitiminde Hel\u00e2l&nbsp;R\u0131z\u0131kla Beslenmenin&hellip;<\/p>\n","protected":false},"author":1,"featured_media":0,"parent":0,"menu_order":2,"comment_status":"closed","ping_status":"closed","template":"","meta":{"footnotes":""},"class_list":["post-753","page","type-page","status-publish","hentry"],"_links":{"self":[{"href":"https:\/\/asyakm.org\/index.php\/wp-json\/wp\/v2\/pages\/753","targetHints":{"allow":["GET"]}}],"collection":[{"href":"https:\/\/asyakm.org\/index.php\/wp-json\/wp\/v2\/pages"}],"about":[{"href":"https:\/\/asyakm.org\/index.php\/wp-json\/wp\/v2\/types\/page"}],"author":[{"embeddable":true,"href":"https:\/\/asyakm.org\/index.php\/wp-json\/wp\/v2\/users\/1"}],"replies":[{"embeddable":true,"href":"https:\/\/asyakm.org\/index.php\/wp-json\/wp\/v2\/comments?post=753"}],"version-history":[{"count":14,"href":"https:\/\/asyakm.org\/index.php\/wp-json\/wp\/v2\/pages\/753\/revisions"}],"predecessor-version":[{"id":851,"href":"https:\/\/asyakm.org\/index.php\/wp-json\/wp\/v2\/pages\/753\/revisions\/851"}],"wp:attachment":[{"href":"https:\/\/asyakm.org\/index.php\/wp-json\/wp\/v2\/media?parent=753"}],"curies":[{"name":"wp","href":"https:\/\/api.w.org\/{rel}","templated":true}]}}